a(h) = -h**3 + 15*h**2 - 12*h - 30. Give a(14).
-2
Let t(z) = z**2 + 7*z - 268. Calculate t(-20).
-8
Let y(q) = -q + 2. Calculate y(5).
-3
Let z(f) = f**2 + 13*f - 6. What is z(0)?
-6
Let u(c) = c**3 + 2*c**2 + 4*c + 5. Calculate u(-2).
-3
Let f(l) = l + 2. What is f(-15)?
-13
Let t(k) = 11*k - 7. Give t(7).
70
Let c(g) = 3*g**2 - 2*g - 4. What is c(-2)?
12
Let s(v) = -v**3 + 14*v**2 - 14*v + 34. Determine s(13).
21
Let y(d) = d - 3. Calculate y(-7).
-10
Let f(t) = -t**3 - 4*t**2 + 25*t + 7. What is f(-7)?
-21
Let y(c) = 5*c**2 - 97*c + 39. Give y(19).
1
Let j(b) = -55*b**2 + 2. Calculate j(-1).
-53
Let v(m) = m**2 - 23*m - 53. Calculate v(25).
-3
Let p(t) = t**3 - 12*t**2 - 12*t - 10. Determine p(13).
3
Let q(v) = -5*v**2 - 16*v + 5. Calculate q(-4).
-11
Let q(c) = 2*c - 9. Determine q(6).
3
Let u(n) = 3*n - 9. Determine u(4).
3
Let h(p) = -p**2 - 3*p + 11. Calculate h(-11).
-77
Let w(m) = -m + 5. Determine w(6).
-1
Let x(i) = 2*i - 14. Give x(7).
0
Let n(c) = -3*c - 16. Calculate n(-2).
-10
Let n(o) = o**3 + 5*o**2 - 3*o + 12. What is n(-6)?
-6
Let b(m) = -m**2 + 18*m - 24. What is b(14)?
32
Let b(v) = -20*v - 144. Calculate b(-8).
16
Let b(x) = x**2 + 2*x - 8. Determine b(-6).
16
Let f(s) = -s**3 - 51*s**2 - 50*s - 9. Determine f(-50).
-9
Let a(b) = b**2 + b - 1. What is a(2)?
5
Let h(d) = -d**2 - 2*d + 3. What is h(-3)?
0
Let y(n) = -n**3 - 4*n**2 + 2*n - 8. Determine y(-5).
7
Let m(z) = -8*z**3 - 2*z**2 - z. What is m(-1)?
7
Let q(t) = 23*t + 13. What is q(-1)?
-10
Let i(d) = -d**3 + 5*d**2 - 2*d - 23. What is i(7)?
-135
Let p(o) = o**2 - 3*o + 5. Give p(6).
23
Let q(k) = 3*k**2 + 16*k + 1. Calculate q(-5).
-4
Let j(h) = -h**3 - 6*h**2 - h + 7. Calculate j(-6).
13
Let f(m) = m**2 - 20*m + 3. What is f(19)?
-16
Let r(p) = -p**3 + 30*p**2 - 26*p - 81. Give r(29).
6
Let d(r) = 4*r**3 - 2*r + 1. Calculate d(1).
3
Let t(k) = 4*k + 205. Calculate t(-51).
1
Let a(x) = -x - 15. Calculate a(-7).
-8
Let b(d) = d**2 + 20*d + 52. Calculate b(-17).
1
Let o(m) = -m**3 + 7*m**2 - 3*m + 11. Give o(7).
-10
Let q(m) = m**3 + 10*m**2 + 4*m - 10. Determine q(-9).
35
Let t(o) = 12*o - 3. Give t(2).
21
Let k(t) = -t**2 + 3*t + 7. Determine k(-4).
-21
Let i(a) = -a - 7. Determine i(3).
-10
Let v(g) = -2*g**3 - 19*g**2 - 9*g - 7. Determine v(-9).
-7
Let m(b) = b**2 + 17*b + 51. What is m(-13)?
-1
Let l(w) = w**3 - 6*w**2 - 3*w + 7. What is l(6)?
-11
Let h(j) = -j**2 - 28*j - 79. What is h(-25)?
-4
Let w(x) = -x**3 - 4*x**2 + 6*x + 2. What is w(-4)?
-22
Let m(z) = -46*z + 751. Determine m(16).
15
Let m(y) = y**3 - 13*y**2 - 2*y + 22. Determine m(13).
-4
Let k(o) = o**3 + 7*o**2 + 15*o + 46. Give k(-6).
-8
Let s(t) = -9*t + 30. What is s(6)?
-24
Let o(w) = 2*w + 13. Give o(-13).
-13
Let z(b) = 10*b**3 + 2*b**2 - 4*b + 3. What is z(1)?
11
Let f(g) = g**2 - 2*g - 22. Determine f(5).
-7
Let s(z) = z**3 + 9*z**2 + 5*z - 7. Determine s(-8).
17
Let k(u) = 3*u**2 - 44*u + 20. Calculate k(14).
-8
Let r(v) = 12*v - 2. Determine r(3).
34
Let a(x) = x**2 + 23*x + 62. What is a(-20)?
2
Let n(d) = 6*d**2 + 2*d - 7. Calculate n(-3).
41
Let p(x) = -6*x + 7. Give p(-8).
55
Let q(z) = z**2 + 10*z - 5. Determine q(-10).
-5
Let x(r) = -7*r + 62. Determine x(9).
-1
Let n(s) = -5*s**2 + s - 2. Determine n(2).
-20
Let l(f) = 3*f**2 - 40*f + 12. Calculate l(12).
-36
Let f(z) = z**2 + 4*z - 9. Give f(-5).
-4
Let m(o) = -o**3 + 21*o**2 - 88*o - 36. Give m(15).
-6
Let d(i) = -i**2 - 21. Give d(-4).
-37
Let d(m) = m - 11. What is d(11)?
0
Let g(a) = a**2 + 11*a + 20. Calculate g(-7).
-8
Let s(r) = r**2 - 125*r - 786. Calculate s(-6).
0
Let x(c) = -3*c + 10. Determine x(10).
-20
Let o(j) = -j**2 + 19*j - 27. Give o(8).
61
Let r(m) = -2*m**2 - 11*m - 19. Calculate r(-10).
-109
Let i(n) = n**3 - 18*n**2 - 22*n + 52. Determine i(19).
-5
Let t(b) = -b**3 - 2*b**2 + 7*b - 5. What is t(-4)?
-1
Let o(h) = h**2 - 18*h - 35. What is o(20)?
5
Let p(s) = -s - 7. Calculate p(-6).
-1
Let x(j) = 88*j - 10. Determine x(1).
78
Let b(g) = g**2 - 6*g + 21. Give b(4).
13
Let p(u) = 3*u + 12. Determine p(-5).
-3
Let s(t) = 4*t**2 - 97*t + 28. What is s(24)?
4
Let j(b) = 2*b**2 + 9*b - 6. What is j(-5)?
-1
Let q(a) = -9*a + 18. What is q(3)?
-9
Let c(i) = i**3 - 5*i**2 - 3*i + 7. Determine c(5).
-8
Let q(p) = -p**2 - 2*p + 12. What is q(3)?
-3
Let a(m) = m**3 + 12*m**2 - 14*m - 12. Determine a(-13).
1
Let q(s) = 7*s**2 - 5*s - 7. Give q(-1).
5
Let z(h) = -40*h + 72. What is z(2)?
-8
Let n(j) = j**2 - 6*j - 12. Determine n(6).
-12
Let g(i) = -i**3 - 3*i**2 - 20*i - 62. What is g(-3)?
-2
Let v(x) = x**2 - 24*x - 76. Give v(26).
-24
Let a(m) = m - 9. What is a(18)?
9
Let h(m) = 11*m + 175. Give h(-15).
10
Let h(o) = -8*o - 4. Give h(-3).
20
Let o(s) = -19*s - 19. Give o(-5).
76
Let k(n) = 8*n. Calculate k(-5).
-40
Let p(r) = -2*r**3 - 3*r**2 - 6*r - 13. Give p(-4).
91
Let y(a) = -22*a**3 - 2*a**2 - a. Give y(-1).
21
Let b(h) = h**3 + 11*h**2 + 14*h - 34. What is b(-9)?
2
Let z(p) = -p**3 + 4*p**2 + 13*p - 45. Give z(5).
-5
Let x(q) = -84*q + 515. Calculate x(6).
11
Let f(t) = -t**2 - 3*t + 14. Calculate f(-6).
-4
Let w(y) = 3*y**3 + 2*y + 1. Calculate w(-1).
-4
Let i(x) = 18*x**3 - x**2. Calculate i(-1).
-19
Let f(w) = -25*w + 301. Determine f(12).
1
Let t(v) = -v**3 + 6*v**2 - 3*v + 11. What is t(6)?
-7
Let a(s) = -s**3 - 2*s**2 + 5*s + 4. What is a(-4)?
16
Let h(o) = o**2. What is h(0)?
0
Let d(h) = h**2 + 3*h + 3. Give d(-4).
7
Let p(y) = -y**3 + 23*y**2 - 24*y + 42. Determine p(22).
-2
Let d(f) = -f**2 - 17*f - 21. What is d(-14)?
21
Let a(s) = -s**3 - 13*s**2 + 31*s + 21. Give a(-15).
6
Let o(y) = 21*y - 5. Determine o(10).
205
Let q(d) = -d**3 + 19*d**2 + d - 29. Determine q(19).
-10
Let a(y) = y**3 + 10*y**2 - 10*y - 1. Give a(-12).
-169
Let o(v) = v**3 - 25*v**2 - 2*v + 29. Calculate o(25).
-21
Let t(o) = -2*o**3 + 26*o**2 - o + 18. Calculate t(13).
5
Let o(r) = 17*r - 300. Determine o(18).
6
Let f(b) = b - 18. Calculate f(13).
-5
Let g(u) = -u**3 + u + 63. Give g(0).
63
Let z(g) = -2*g**2 - 40*g - 180. What is z(-13)?
2
Let r(j) = j**3 - 11*j**2 - 9*j + 95. Determine r(11).
-4
Let d(h) = -h**2 + 32*h - 97. Determine d(30).
-37
Let x(i) = i - 3. What is x(-1)?
-4
Let o(l) = l**3 + 4*l**2 - 5*l + 2. What is o(-5)?
2
Let l(o) = -o**3 + o**2 - 62. Give l(0).
-62
Let m(w) = -2*w**3 - 96*w**2 + 98*w - 8. Calculate m(-49).
-8
Let v(b) = 12*b**2 - 203*b - 19. Give v(17).
-2
Let p(h) = h**3 - h**2 + 5*h + 2. Give p(-3).
-49
Let n(b) = -b - 12. Calculate n(-6).
-6
Let b(k) = 2*k**2 - 6*k + 20. Determine b(7).
76
Let o(d) = 2*d - 3. What is o(8)?
13
Let m(o) = -7*o - 38. Calculate m(-8).
18
Let k(n) = -n**2 - 9*n - 1. Determine k(-9).
-1
Let o(i) = -i**3 - 5*i**2 + i + 8. What is o(-4)?
-12
Let i(p) = p**3 + 25*p**2 - 2*p - 55. Give i(-25).
-5
Let p(s) = -s**3 - 8*s**2 + 2. Give p(-7).
-47
Let x(v) = 2*v + 3. Give x(6).
15
Let x(h) = -3*h - 12. Calculate x(13).
-51
Let x(c) = -c**2 - 22*c + 20. What is x(-20)?
60
Let p(v) = v**3 - v**2 + 7*v + 8. Give p(-3).
-49
Let c(a) = -7*a**2 + 2*a + 2. What is c(-1)?
-7
Let a(n) = -n - 17. Calculate a(4).
-21
Let u(f) = -10*f**2 + 6*f + 7. Give u(-1).
-9
Let h(x) = -3*x**3 + 2*x**2 + 3*x - 3. What is h(1)?
-1
Let w(b) = 9*b - 5. Calculate w(7).
58
Let w(g) = -2*g - 4. What is w(12)?
-28
Let c(y) = y**3 - 5*y**2 - 16*y - 6. Calculate c(7).
-20
Let i(m) = 3*m + 2. Determine i(0).
2
Let b(v) = -v**2 + 32*v - 239. What is b(19)?
8
Let x(m) = -m**3 + 13*m**2 + 48*m - 22. Calculate x(16).
-22
Let r(w) = 37*w - 626. Calculate r(17).
3
Let o(r) = 2*r - 15. Give o(9).
3
Let x(n) = -n**3 + 21*n**2 + 25*n - 18. What is x(22)?
48
Let i(o) = 17*o**3 + o. Calculate i(1).
18
Let i(s) = 11*s**2 - 56*s + 3. What is i(5)?
-2
Let q(m) = -5*m + 96. Give q(21).
-9
Let q(l) = -l**3 + 7*l**2 - 8*l + 5. Determine q(6).
-7
Let l(w) = -10*w - 142. Give l(-14).
-2
Let c(x) = x**2 + 26*x + 174. What is c(-14)?
6
Let i(o) = -4*o - 44. Calculate i(-11).
0
Let n(v) = -v**2 - 12*v + 13. Determine n(-14).
-15
Let f(i) = 4*i**3 - i - 1. Give f(-1).
-4
Let a(l) = -l**3 - 2*l**2 - 24*l + 54. Determine a(2).
-10
Let g(z) = z**3 - 11*z**2 + 8*z + 26. What is g(10)?
6
Let j(t) = 2*t**3 - t**2 + t + 1. What is j(-1)?
-3
Let u(z) = -2*z**2 + 5*z + 1. Give u(4).
-11
Let y(r) = -r**2 - 9*r + 3. What is y(-8)?
11
Le